hat is a25972 (base 11) in base 9?
3081083
What is -211320123 (base 4) in base 16?
-25e1b
-1a18a7 (base 14) to base 13
-2658bb
Convert 186023 (base 10) to base 8.
553247
What is -23aa60 (base 13) in base 10?
-852007
111110212220 (base 3) to base 2
1000000110000111000
What is -2a5c5a (base 14) in base 5?
-334212320
100000100110010110010 (base 2) to base 13
2b52a0
What is -4617e (base 16) in base 7?
-2304014
What is 405d5d (base 14) in base 4?
20101031133
Convert -101111010011001 (base 2) to base 11.
-17216
Convert 143 (base 15) to base 12.
200
Convert 40324013 (base 5) to base 10.
323633
Convert -788123 (base 9) to base 13.
-136968
What is -1111223003 (base 4) in base 12?
-14b0ab
Convert -10891 (base 15) to base 11.
-36543
643167 (base 8) to base 16
34677
Convert -120dfd (base 16) to base 11.
-738a83
Convert 101121300332 (base 4) to base 8.
21316076
624232 (base 7) to base 3
12102222001
Convert -5c5a5 (base 13) to base 14.
-46017
-71773 (base 12) to base 5
-14213400
What is 2000002020 (base 3) in base 12?
1a996
20701 (base 11) to base 2
111010110110010
What is 110000100110000100101 (base 2) in base 13?
439a30
Convert -211012002020201 (base 3) to base 5.
-11004314011
Convert 1b3e7 (base 15) to base 6.
1522214
What is 38736c (base 13) in base 9?
2500260
-37b9e (base 16) to base 12
-b0112
Convert -57843 (base 9) to base 3.
-1221221110
-57a25 (base 13) to base 9
-263312
5b9cc (base 15) to base 2
1000111011001110011
What is -478261 (base 9) in base 11?
-187565
What is 2801ab (base 12) in base 7?
5433233
What is 13567 (base 13) in base 9?
54441
Convert 2c4b5 (base 13) to base 2.
10100100101010110
Convert -1216410 (base 7) to base 12.
-76299
967326 (base 11) to base 13
4221c0
-1947405 (base 10) to base 11
-1110129
What is -15135131 (base 8) in base 13?
-93cb28
Convert 1242124400 (base 5) to base 15.
40d7a0
What is 3502012 (base 7) in base 4?
1222312231
What is -179870 (base 10) in base 15?
-38465
Convert -1342581 (base 10) to base 8.
-5076165
Convert 19c5a (base 14) to base 9.
108816
-5d296c (base 15) to base 3
-22101210021210
What is -1101111001111 (base 2) in base 12?
-4153
-95c5dd (base 15) to base 16
-6cc8f5
Convert 1df61 (base 16) to base 9.
206306
-26134532 (base 7) to base 12
-968632
Convert -231132345 (base 6) to base 2.
-10000001111100010001001
What is -1222411 (base 6) in base 15?
-1458d
Convert 75040574 (base 8) to base 11.
9043787
-502cd4 (base 16) to base 13
-111c7b3
What is -212101222121 (base 3) in base 13?
-13191a
What is -a982c4 (base 15) in base 2?
-11110110011111011010001
What is -65553120 (base 7) in base 3?
-101120212021220
Convert 1002210221210 (base 3) to base 8.
2172074
Convert -60402362 (base 7) to base 5.
-2240244423
228418 (base 13) to base 7
6644533
18753 (base 15) to base 9
130666
Convert -1440043224 (base 5) to base 4.
-32213110120
1224237 (base 8) to base 13
bab61
What is -2500514 (base 7) in base 14?
-8467b
What is -12200344 (base 5) in base 13?
-4089b
Convert 10405042 (base 7) to base 4.
3121321210
What is 27366 (base 13) in base 5?
4314332
-878208 (base 9) to base 16
-80021
What is 21323221 (base 4) in base 2?
1001111011101001
What is 211202110111 (base 3) in base 6?
13333451
-5301320 (base 6) to base 11
-166056
-45205021 (base 6) to base 14
-279217
Convert -3322202 (base 4) to base 8.
-37242
What is -39704 (base 10) in base 8?
-115430
Convert -135327 (base 8) to base 3.
-2102121112
Convert 6c9e3 (base 16) to base 9.
747252
-237ac (base 13) to base 5
-4040123
Convert -9d934 (base 14) to base 8.
-1354372
Convert 545144 (base 6) to base 5.
2421313
Convert -11071157 (base 8) to base 12.
-972353
100208 (base 9) to base 13
20c54
Convert 33500233 (base 8) to base 5.
3323220013
Convert -bda2 (base 16) to base 14.
-13998
-2100033221 (base 4) to base 6
-20355145
What is -9d38 (base 16) in base 11?
-2826a
What is 10011111010100110 (base 2) in base 3?
11010220021
-21211111020112 (base 3) to base 10
-4162766
Convert -120111001001 (base 3) to base 11.
-198a66
What is -235722 (base 12) in base 14?
-10b7bc
What is -1001010001010001110100 (base 2) in base 5?
-1110230233
-19a3a0 (base 15) to base 9
-2314076
-22a83a (base 13) to base 12
-33839b
-1012705 (base 11) to base 2
-110110100111100010100
Convert dbc9ba (base 14) to base 5.
3401333034
Convert -3b182 (base 12) to base 3.
-11010201222
22120202100 (base 3) to base 12
81930
What is 1b35aa (base 12) in base 5?
110423322
What is -100032203313 (base 4) in base 7?
-51105111
What is 100000000011001101001010 (base 2) in base 9?
16725014
What is -69898 (base 11) in base 7?
-600112
Convert -13145526 (base 9) to base 4.
-120222301203
-1190cbb (base 14) to base 6
-500213113
What is -2634a0 (base 11) in base 5?
-101231120
Convert 959b43 (base 14) to base 13.
1081b42
Convert 3b56b (base 16) to base 11.
156676
-1233222003 (base 5) to base 15
-3eac38
What is 20131312 (base 4) in base 2?
1000011101110110
b4384 (base 12) to base 14
61ba4
Convert -1a2e84 (base 15) to base 6.
-43201441
5510105 (base 6) to base 9
456145
Convert -3444042 (base 6) to base 11.
-111102
Convert -4b9181 (base 13) to base 3.
-10102102201211
12a883 (base 15) to base 16
dad2a
What is -530650 (base 10) in base 11?
-33275a
What is -254a505 (base 11) in base 9?
-8277247
What is -10102102012020 (base 3) in base 15?
-25de66
Convert 208464 (base 11) to base 12.
140a74
Convert 12a50 (base 13) to base 16.
8796
Convert 174442 (base 8) to base 10.
63778
What is 4592a1 (base 11) in base 15?
e6346
Convert 424026 (base 11) to base 3.
1021111012011
12573443 (base 8) to base 3
12022001112010
What is -78327 (base 10) in base 3?
-10222110000
100110002010 (base 3) to base 2
101101011001100000
What is -110020102220 (base 3) in base 12?
-b74a3
What is -10222023000 (base 5) in base 3?
-202012110000122
What is -41bd5 (base 15) in base 16?
-32ea6
What is 469578 (base 12) in base 2?
100010101010111101100
What is -3204756 (base 8) in base 7?
-10156166
2bc5 (base 16) to base 4
2233011
What is -734422 (base 11) in base 10?
-1177112
What is 45034031 (base 6) in base 16?
14b7e3
What is 1b9c71 (base 14) in base 10?
987547
276855 (base 11) to base 14
b4039
What is 68702 (base 12) in base 3?
21002000102
Convert 162363 (base 9) to base 8.
303515
Convert 2424362 (base 7) to base 9.
520642
What is -13385104 (base 9) in base 13?
-14a5c41
Convert 80b145 (base 13) to base 11.
1765a99
Convert -8d9d07 (base 14) to base 16.
-49b043
Convert 421002 (base 13) to base 2.
101111001000100101101
Convert -148d5b6 (base 15) to base 13.
-310c134
Convert 112202211011 (base 3) to base 6.
10122004
-aa4d2 (base 16) to base 14
-1422d4
What is 692275 (base 11) in base 6?
35333301
What is -231251104 (base 6) in base 12?
-1519a94
Convert -1200123132 (base 4) to base 11.
-24a828
Convert -136480 (base 9) to base 14.
-22606
Convert -22312013031 (base 4) to base 2.
-1010110110000111001101
What is -2133231040 (base 5) in base 12?
-16521b7
What is 5641114 (base 7) in base 2?
10101010101011010110
What is -c3b26 (base 13) in base 8?
-1255756
What is -347451 (base 10) in base 15?
-6ce36
Convert -641098 (base 13) to base 7.
-25632523
-32313435 (base 7) to base 16
-2a1d40
What is b7d49 (base 14) in base 7?
3530422
What is -ea4a9 (base 15) in base 5?
-142243214
114522a (base 13) to base 3
101000110202021
Convert 104a7b (base 12) to base 5.
31213104
What is 11222121222 (base 3) in base 13?
35897
Convert 13435440 (base 6) to base 4.
1233113100
-246572 (base 12) to base 16
-907a6
421040102 (base 5) to base 13
48a76b
4f9dd (base 16) to base 14
86bb7
What is 102221212201202 (base 3) in base 14?
bb608a
What is 4622222 (base 8) in base 5?
310121141
What is 2436458 (base 9) in base 10?
1323512
103021141 (base 5) to base 9
738070
-ade21 (base 15) to base 10
-553306
What is -7635 (base 10) in base 3?
-101110210
Convert -36446263 (base 7) to base 14.
-60a5da
Convert 32241003 (base 7) to base 5.
1200440431
Convert -57b61 (base 12) to base 4.
-130222321
What is -12233040 (base 5) in base 6?
-2305451
What is 23365643 (base 9) in base 2?
101011011010100011010000
-4c01d2 (base 16) to base 8
-23000722
Convert 11222202 (base 3) to base 16.
e36
What is -200346 (base 8) in base 12?
-32086
3116473 (base 11) to base 14
a31da5
Convert 10100100100001 (base 2) to base 9.
15388
Convert -23303026 (base 8) to base 15.
